inder when 399 is divided by 147.
105
What is the remainder when 147325 is divided by 144?
13
Calculate the remainder when 210078 is divided by 65.
63
What is the remainder when 1395808 is divided by 200?
8
What is the remainder when 14826 is divided by 16?
10
Calculate the remainder when 19886 is divided by 195.
191
Calculate the remainder when 2953168 is divided by 19.
17
What is the remainder when 35898 is divided by 5972?
66
Calculate the remainder when 27663 is divided by 182.
181
Calculate the remainder when 122330 is divided by 11118.
32
What is the remainder when 350979 is divided by 666?
663
What is the remainder when 74823 is divided by 73?
71
What is the remainder when 23658 is divided by 606?
24
Calculate the remainder when 765261 is divided by 71.
23
What is the remainder when 3721 is divided by 1678?
365
What is the remainder when 2160 is divided by 2153?
7
Calculate the remainder when 411990 is divided by 8583.
6
Calculate the remainder when 3787 is divided by 21.
7
What is the remainder when 7077 is divided by 145?
117
What is the remainder when 66149 is divided by 5512?
5
What is the remainder when 289247 is divided by 24?
23
Calculate the remainder when 2097 is divided by 815.
467
Calculate the remainder when 55517 is divided by 10.
7
What is the remainder when 3678 is divided by 1340?
998
Calculate the remainder when 24387 is divided by 387.
6
What is the remainder when 1950 is divided by 199?
159
Calculate the remainder when 1613315 is divided by 10.
5
What is the remainder when 77989 is divided by 317?
7
What is the remainder when 463828 is divided by 30?
28
Calculate the remainder when 161499 is divided by 12422.
13
What is the remainder when 62623 is divided by 346?
343
Calculate the remainder when 39946 is divided by 10.
6
What is the remainder when 227505 is divided by 90?
75
Calculate the remainder when 446588 is divided by 143.
142
What is the remainder when 44222 is divided by 1379?
94
Calculate the remainder when 10719 is divided by 628.
43
What is the remainder when 5085 is divided by 1038?
933
Calculate the remainder when 29888 is divided by 49.
47
What is the remainder when 19583 is divided by 91?
18
What is the remainder when 2888 is divided by 225?
188
Calculate the remainder when 5574 is divided by 2783.
8
Calculate the remainder when 1281481 is divided by 128147.
11
Calculate the remainder when 16735 is divided by 155.
150
What is the remainder when 3336 is divided by 133?
11
Calculate the remainder when 3812 is divided by 62.
30
What is the remainder when 626 is divided by 222?
182
Calculate the remainder when 3017 is divided by 128.
73
What is the remainder when 19477 is divided by 6489?
10
Calculate the remainder when 9508 is divided by 29.
25
Calculate the remainder when 9848 is divided by 3273.
29
Calculate the remainder when 9251 is divided by 1349.
1157
What is the remainder when 18410 is divided by 233?
3
Calculate the remainder when 85850 is divided by 28615.
5
Calculate the remainder when 1010084 is divided by 5.
4
Calculate the remainder when 3070 is divided by 765.
10
Calculate the remainder when 170733 is divided by 3104.
13
Calculate the remainder when 11036 is divided by 501.
14
Calculate the remainder when 41778 is divided by 1071.
9
What is the remainder when 2015 is divided by 494?
39
Calculate the remainder when 4766 is divided by 2158.
450
Calculate the remainder when 54806 is divided by 1526.
1396
What is the remainder when 258885 is divided by 469?
466
Calculate the remainder when 1588 is divided by 790.
8
What is the remainder when 6969 is divided by 1428?
1257
What is the remainder when 156472 is divided by 139?
97
What is the remainder when 5275 is divided by 1663?
286
Calculate the remainder when 17752 is divided by 4420.
72
Calculate the remainder when 82703 is divided by 103.
97
Calculate the remainder when 772 is divided by 724.
48
Calculate the remainder when 9455 is divided by 113.
76
What is the remainder when 682779 is divided by 36?
3
What is the remainder when 1001 is divided by 28?
21
Calculate the remainder when 4952 is divided by 44.
24
What is the remainder when 31918 is divided by 10616?
70
What is the remainder when 623 is divided by 139?
67
What is the remainder when 93195 is divided by 46590?
15
What is the remainder when 1533149 is divided by 191643?
5
What is the remainder when 23427 is divided by 71?
68
Calculate the remainder when 1334279 is divided by 60649.
1
What is the remainder when 1757365 is divided by 13?
12
What is the remainder when 90615 is divided by 22?
19
What is the remainder when 5100 is divided by 2509?
82
Calculate the remainder when 302095 is divided by 50.
45
What is the remainder when 4871 is divided by 1300?
971
What is the remainder when 71566 is divided by 71566?
0
What is the remainder when 16217 is divided by 123?
104
Calculate the remainder when 526 is divided by 94.
56
What is the remainder when 1804 is divided by 26?
10
Calculate the remainder when 4375 is divided by 11.
8
Calculate the remainder when 1166093 is divided by 227.
221
Calculate the remainder when 2763 is divided by 84.
75
Calculate the remainder when 52661 is divided by 975.
11
What is the remainder when 1667 is divided by 186?
179
What is the remainder when 139392 is divided by 3168?
0
Calculate the remainder when 86258 is divided by 190.
188
Calculate the remainder when 11796 is divided by 1793.
1038
Calculate the remainder when 80927 is divided by 80924.
3
What is the remainder when 14123 is divided by 1410?
23
What is the remainder when 56671 is divided by 8?
7
What is the remainder when 619 is divided by 28?
3
What is the remainder when 999 is divided by 850?
149
What is the remainder when 372 is divided by 71?
17
What is the remainder when 93225 is divided by 428?
349
What is the remainder when 39757 is divided by 497?
494
What is the remainder when 11022 is divided by 48?
30
Calculate the remainder when 1800 is divided by 1757.
43
Calculate the remainder when 1861403 is divided by 8093.
13
Calculate the remainder when 1712 is divided by 1490.
222
Calculate the remainder when 1929 is divided by 199.
138
What is the remainder when 3556047 is divided by 207?
201
Calculate the remainder when 5968 is divided by 2979.
10
Calculate the remainder when 53548 is divided by 678.
664
What is the remainder when 5507 is divided by 220?
7
What is the remainder when 43316 is divided by 562?
42
Calculate the remainder when 339 is divided by 311.
28
What is the remainder when 519160 is divided by 39?
31
What is the remainder when 601421 is divided by 1389?
1373
Calculate the remainder when 7524 is divided by 47.
4
What is the remainder when 5271 is divided by 601?
463
What is the remainder when 914589 is divided by 168?
165
Calculate the remainder when 707 is divided by 376.
331
What is the remainder when 13475 is divided by 640?
35
Calculate the remainder when 54464 is divided by 9016.
368
What is the remainder when 8573 is divided by 13?
6
Calculate the remainder when 11442 is divided by 2619.
966
What is the remainder when 1182476 is divided by 526?
28
Calculate the remainder when 2264 is divided by 600.
464
Calculate the remainder when 66811 is divided by 384.
379
Calculate the remainder when 8834 is divided by 57.
56
Calculate the remainder when 1529 is divided by 12.
5
What is the remainder when 14132 is divided by 2819?
37
What is the remainder when 33750 is divided by 33733?
17
What is the remainder when 4231 is divided by 4204?
27
Calculate the remainder when 4778 is divided by 2211.
356
Calculate the remainder when 812763 is divided by 22.
17
Calculate the remainder when 2073703 is divided by 1241.
1233
What is the remainder when 137714 is divided by 12518?
16
Calculate the remainder when 2888 is divided by 658.
256
What is the remainder when 9144799 is divided by 160?
159
Calculate the remainder when 3375 is divided by 1122.
9
Calculate the remainder when 182 is divided by 57.
11
Calculate the remainder when 82976 is divided by 51.
50
Calculate the remainder when 19047 is divided by 1465.
2
What is the remainder when 117214 is divided by 5325?
64
Calculate the remainder when 401243 is divided by 99.
95
Calculate the remainder when 26007 is divided by 518.
107
Calcu